 prime factors of 2143717.
17, 47, 2683
What are the prime factors of 229437?
3, 13, 37, 53
What are the prime factors of 11507648?
2, 179807
What are the prime factors of 222266?
2, 11, 10103
List the prime factors of 2206482.
2, 3, 23, 59, 271
List the prime factors of 20792163.
3, 7, 101, 9803
What are the prime factors of 367122?
2, 3, 7, 8741
List the prime factors of 188882.
2, 94441
What are the prime factors of 448449?
3, 83, 1801
What are the prime factors of 109575?
3, 5, 487
List the prime factors of 32862.
2, 3, 5477
What are the prime factors of 538319?
431, 1249
List the prime factors of 4139262.
2, 3, 17, 167
List the prime factors of 8971176.
2, 3, 43, 8693
List the prime factors of 1496728.
2, 187091
What are the prime factors of 746329?
746329
What are the prime factors of 5130626?
2, 181, 14173
What are the prime factors of 1461226?
2, 13, 43, 1307
List the prime factors of 27531485.
5, 5506297
What are the prime factors of 2760961?
7, 137, 2879
List the prime factors of 3582772.
2, 619, 1447
What are the prime factors of 8786565?
3, 5, 29, 6733
List the prime factors of 46667.
23, 2029
List the prime factors of 87036.
2, 3, 7253
What are the prime factors of 38276895?
3, 5, 2551793
List the prime factors of 249710.
2, 5, 24971
What are the prime factors of 7559772?
2, 3, 11, 57271
List the prime factors of 3976080.
2, 3, 5, 16567
What are the prime factors of 7377442?
2, 31, 257, 463
What are the prime factors of 307714?
2, 11, 71, 197
What are the prime factors of 1031686?
2, 515843
List the prime factors of 281752.
2, 41, 859
What are the prime factors of 508485?
3, 5, 109, 311
What are the prime factors of 43993?
29, 37, 41
List the prime factors of 30750862.
2, 23, 109, 6133
List the prime factors of 246917.
11, 22447
List the prime factors of 160257.
3, 53419
What are the prime factors of 764691?
3, 41, 6217
List the prime factors of 1013061.
3, 7, 19, 2539
List the prime factors of 105968.
2, 37, 179
What are the prime factors of 1433953?
1433953
List the prime factors of 710011.
19, 37369
What are the prime factors of 388618?
2, 194309
What are the prime factors of 2045570?
2, 5, 204557
What are the prime factors of 361808?
2, 22613
List the prime factors of 8118972.
2, 3, 225527
What are the prime factors of 874651?
874651
List the prime factors of 130130.
2, 5, 7, 11, 13
What are the prime factors of 390704?
2, 24419
What are the prime factors of 229251?
3, 11, 6947
What are the prime factors of 41305?
5, 11, 751
List the prime factors of 14182927.
11, 23, 61, 919
List the prime factors of 1482963.
3, 653, 757
List the prime factors of 26118647.
17, 29, 31, 1709
What are the prime factors of 11565081?
3, 11, 116819
What are the prime factors of 336536?
2, 23, 31, 59
List the prime factors of 1287814.
2, 11, 58537
List the prime factors of 247036.
2, 151, 409
List the prime factors of 1883132.
2, 470783
What are the prime factors of 129245?
5, 25849
What are the prime factors of 32172?
2, 3, 7, 383
What are the prime factors of 5132868?
2, 3, 13, 2531
List the prime factors of 2276389.
2276389
List the prime factors of 820457.
11, 74587
List the prime factors of 311353.
7, 19, 2341
What are the prime factors of 14054124?
2, 3, 7, 167311
List the prime factors of 36413207.
41, 59, 15053
What are the prime factors of 1304439?
3, 434813
What are the prime factors of 91163?
91163
List the prime factors of 1310142.
2, 3, 218357
List the prime factors of 9049053.
3, 13, 37, 6271
What are the prime factors of 607038?
2, 3, 101173
What are the prime factors of 236724?
2, 3, 19727
What are the prime factors of 185796?
2, 3, 13, 397
List the prime factors of 3571.
3571
List the prime factors of 219579.
3, 53, 1381
What are the prime factors of 1540904?
2, 192613
List the prime factors of 9218.
2, 11, 419
List the prime factors of 2828100.
2, 3, 5, 11, 857
What are the prime factors of 3582162?
2, 3, 127, 1567
List the prime factors of 755814.
2, 3, 103, 1223
List the prime factors of 14972467.
14972467
What are the prime factors of 2969270?
2, 5, 263, 1129
What are the prime factors of 215169?
3, 17, 4219
What are the prime factors of 593254?
2, 296627
List the prime factors of 70962.
2, 3, 11827
What are the prime factors of 723843?
3, 17, 19, 83
What are the prime factors of 567112?
2, 7, 13, 19, 41
What are the prime factors of 8896768?
2, 23, 1511
List the prime factors of 1179207.
3, 131023
What are the prime factors of 20167409?
151, 133559
What are the prime factors of 222130?
2, 5, 97, 229
What are the prime factors of 2700126?
2, 3, 11, 13, 1049
What are the prime factors of 497579?
497579
What are the prime factors of 264647?
31, 8537
List the prime factors of 5536864.
2, 71, 2437
What are the prime factors of 354103?
19, 18637
What are the prime factors of 454775?
5, 18191
List the prime factors of 2404.
2, 601
What are the prime factors of 418062?
2, 3, 69677
What are the prime factors of 2775396?
2, 3, 13, 17791
List the prime factors of 2670.
2, 3, 5, 89
List the prime factors of 1681175.
5, 67247
List the prime factors of 3345530.
2, 5, 97, 3449
List the prime factors of 17870457.
3, 11, 541529
What are the prime factors of 8347433?
8347433
What are the prime factors of 2609243?
7, 13, 53, 541
What are the prime factors of 374403?
3, 37, 3373
List the prime factors of 10096108.
2, 11, 269, 853
What are the prime factors of 1661859?
3, 184651
List the prime factors of 613992.
2, 3, 25583
What are the prime factors of 1892449?
13, 149, 977
What are the prime factors of 14962620?
2, 3, 5, 249377
What are the prime factors of 967683?
3, 47, 6863
List the prime factors of 2121408.
2, 3, 29, 127
List the prime factors of 622322.
2, 61, 5101
What are the prime factors of 813464?
2, 23, 4421
What are the prime factors of 24673?
11, 2243
What are the prime factors of 726846?
2, 3, 23, 229
List the prime factors of 282042.
2, 3, 1741
List the prime factors of 35287140.
2, 3, 5, 7, 84017
List the prime factors of 11979727.
11979727
What are the prime factors of 16905930?
2, 3, 5, 113, 4987
What are the prime factors of 9552?
2, 3, 199
What are the prime factors of 882476?
2, 7, 31517
What are the prime factors of 115222?
2, 53, 1087
What are the prime factors of 2425454?
2, 293, 4139
What are the prime factors of 190490?
2, 5, 43, 443
What are the prime factors of 4856020?
2, 5, 13, 19, 983
What are the prime factors of 396415?
5, 79283
What are the prime factors of 366175?
5, 97, 151
List the prime factors of 111588.
2, 3, 17, 547
What are the prime factors of 650920?
2, 5, 16273
What are the prime factors of 289132?
2, 41, 43
List the prime factors of 1409893.
29, 61, 797
List the prime factors of 948845.
5, 109, 1741
List the prime factors of 369002.
2, 17, 10853
What are the prime factors of 15167?
29, 523
What are the prime factors of 1648806?
2, 3, 97, 2833
What are the prime factors of 293025?
3, 5, 3907
What are the prime factors of 394665?
3, 5, 83, 317
What are the prime factors of 127473?
3, 42491
List the prime factors of 898551.
3, 99839
What are the prime factors of 8727547?
41, 212867
List the prime factors of 28415282.
2, 7, 31, 233, 281
List the prime factors of 13702886.
2, 6851443
List the prime factors of 2560160.
2, 5, 16001
What are the prime factors of 5401695?
3, 5, 13, 27701
What are the prime factors of 5475314?
2, 13, 251, 839
List the prime factors of 256470.
2, 3, 5, 83, 103
List the prime factors of 226869.
3, 47, 1609
What are the prime factors of 2480699?
13, 190823
List the prime factors of 2135958.
2, 3, 11, 32363
List the prime factors of 24704409.
3, 8234803
What are the prime factors of 244508?
2, 11, 5557
What are the prime factors of 1474187?
11, 13, 61
List the prime factors of 373361.
373361
List the prime factors of 590643.
3, 29, 31, 73
List the prime factors of 407606.
2, 23, 8861
What are the prime factors of 184463?
184463
List the prime factors of 174210.
2, 3, 5, 5807
List the prime factors of 2316198.
2, 3, 83, 4651
What are the prime factors of 504340?
2, 5, 151, 167
List the prime factors of 922162.
2, 23, 20047
List the prime factors of 279424.
2, 37, 59
List the prime factors of 547852.
2, 136963
What are the prime factors of 1246980?
2, 3, 5, 7, 2969
List the prim